 Suppose -4*z = -t*z - 179. List the prime factors of z.
179
Let i be 3/15*15 + 453. Suppose 0 = 2*s - 5*z - i, 0 = 4*z - 0*z. What are the prime factors of s?
2, 3, 19
Let u(m) = m**3 - 12*m**2 - 14*m + 16. Let s be u(13). Suppose 0 = o + s*r - 100, o = r - 5*r + 97. List the prime factors of (4 - (4 - 1))/(1/o).
109
Let s(r) be the first derivative of 11*r**4/4 + 4*r**3/3 + 3*r**2 - 2*r - 6. Let f be s(-4). What are the prime factors of (3/(-2))/(9/f)?
3, 37
Suppose w + 5*t + 4 - 92 = 0, 5*t = 2*w - 116. Suppose 0 = 2*r - q - 2299, 65*r - w*r - 3*q = -3435. What are the prime factors of r?
2, 7, 41
Suppose -2*j - 720 = 3*j. Let l = 41 - j. What are the prime factors of l?
5, 37
Let n be 3 - (-72)/(-27) - (-8842)/6. What are the prime factors of n + 45/(-5) + (-1)/(-1)?
2, 733
Suppose -17352 = -c - 3*u + 40210, 287810 = 5*c + u. What are the prime factors of c?
2, 17, 1693
Suppose -3*t + 268*k = 270*k - 36889, -t + 12283 = -2*k. List the prime factors of t.
19, 647
Suppose 2*i - b - 101 = 0, -6*i - 113 = -8*i - 3*b. Suppose -48*l + i*l = 2172. List the prime factors of l.
3, 181
Suppose 1176418 = 288*v - 1121246. What are the prime factors of v?
2, 3989
Let x(g) = 7578*g + 4831. What are the prime factors of x(5)?
7, 17, 359
Let w be 3/4*3516/3. Let t = w - 614. What are the prime factors of t?
5, 53
Suppose 3*b + 5*a + 1 + 15 = 0, 32 = 4*b - 4*a. Suppose 5*p + 3*u = 9*p - 1071, 9 = b*u. What are the prime factors of p?
2, 3, 5
Let w(z) = 566*z**2 + 6*z - 11. Let a be w(2). Let t = 3787 - a. What are the prime factors of t?
2, 761
Suppose 120835 = 45*j - 34*j. List the prime factors of j.
5, 13
List the prime factors of 569323/10 + (-32 - 6974/(-220)).
2, 43, 331
Suppose 5*u - u + 48650 = 2*n, 5*u = 4*n - 97306. What are the prime factors of n?
24329
Let t be 56/30 + 11*20/1650. List the prime factors of (-248)/20*(-690)/24*t.
23, 31
Let z(p) = p**3 + 8*p**2 - 30*p - 10. Let o(v) = -2*v - 6. Let k be o(2). Let b be z(k). Suppose 7*s - 727 = -b. List the prime factors of s.
7, 13
Suppose -5*x + 8670 = 2*k, 0 = k + 3*k. What are the prime factors of ((-27)/(-81))/(2/x)?
17
What are the prime factors of (-1848)/(-231) + 62275 + 0?
3, 13, 1597
Let y(u) = -u**2 + 9*u - 16. Let k be y(4). Suppose 0 = -k*i - 5*p - 1066, 3*p - 1316 = 5*i + p. List the prime factors of (i/(-32))/((-2)/(-48)).
2, 3, 11
Suppose 4*t + t = -c + 147, 0 = -2*t - 10. Let p = 20 - 20. Suppose p = 2*w + 4*s - c, 4*w + 5*s - 240 - 95 = 0. What are the prime factors of w?
2, 5
Suppose -4*y - 50 = x, 0*y + 2*y + 10 = 0. Let b be 12/(-126)*x - 1/(-7). Suppose -38 = -i - 2*z + 1, 5*i - 174 = -b*z. What are the prime factors of i?
3, 11
Let h(k) = -10*k**2 - 4*k - 4. Let p be ((-35)/(-70))/(1/2 + -1). Let s be h(p). List the prime factors of 4/s*4*450/(-9).
2, 5
Let j(q) = -180*q**2 - q + 19. Let a(y) = -540*y**2 - 5*y + 57. Let f(o) = -3*a(o) + 8*j(o). List the prime factors of f(2).
5, 11, 13
Suppose -2 = 4*s - 14, -7010 = -q - 4*s. What are the prime factors of q?
2, 3499
Let z = 236 + 46. Let k = z - 107. What are the prime factors of k?
5, 7
Let n(u) = 71*u - 8. Let i be n(6). Suppose i = -10*g + 4388. List the prime factors of g.
397
Let x(c) be the first derivative of c**3/3 - 3*c**2 - 3*c + 5. Let g be x(5). Let w(p) = 3*p**2 + 14*p - 4. List the prime factors of w(g).
2, 19
List the prime factors of 3 + -5 - (3 + 22830/(-5)).
4561
Let l = -25 + 26. Let u(s) = 257*s**3 + 16*s - 15. List the prime factors of u(l).
2, 3, 43
Suppose -5*g = 2*s - 103577, 1022*s + 62148 = 3*g + 1025*s. List the prime factors of g.
3, 5, 1381
Let t(g) = -59*g + 47 + 62*g + 37 - 12. Let o be t(-24). Suppose o = 3*j - 23 - 655. List the prime factors of j.
2, 113
Let y(x) be the third derivative of 21*x**4/4 + 59*x**3/6 + 132*x**2. What are the prime factors of y(3)?
19, 23
Let v(g) = 9*g**3 + 2*g**2 + 14*g + 10. Let x be v(6). Suppose -c + x = 3*b, -2813 = 3*b - 7*b - c. List the prime factors of b.
19, 37
Suppose 253 = -8*c + 37. Let w(q) = -q**3 - 28*q**2 - 28*q + 81. List the prime factors of w(c).
2, 3
Let r be 85820/80 - 1/(-4). Let g = 1580 - r. What are the prime factors of g?
3, 13
Let v(c) = 6*c**2 - 2*c + 10. Let o be v(5). Suppose 0 = -4*b + o + 338. Suppose -17 - b = -w. What are the prime factors of w?
139
Let h(f) = 259*f - 271. Let v be h(9). Suppose 2*y - i - v = 0, 2*y - 4*y = -2*i - 2056. What are the prime factors of y?
2, 3, 43
Let h(g) be the first derivative of g**3/3 + 3*g**2 + 9*g - 4. Let u(s) = 2*s**2 + 11*s + 18. Let w(f) = -9*h(f) + 4*u(f). List the prime factors of w(-6).
3, 5
What are the prime factors of 109564/9 - ((-1)/(-3) + (-10)/18)?
2, 3, 2029
List the prime factors of 3092*6/(-4)*20/(-12).
2, 5, 773
Suppose -9*u + 20 = -16. Let w be (u/(-6))/(4/6)*-516. Suppose -4*q - 2*q + w = 0. List the prime factors of q.
2, 43
Suppose -10*w + 178587 = -w. What are the prime factors of w?
19843
Let f(x) = 88*x + 10. Suppose -3*j + 71 - 16 = 5*h, -3*h - 4*j + 44 = 0. List the prime factors of f(h).
2, 3, 7, 17
Let v = 42 - 44. Let i be 321 + -1 + v*(-2)/(-4). Suppose -i = -3*l + 32. List the prime factors of l.
3, 13
What are the prime factors of (5 + (-219637)/33)*36/(-16)?
2, 3, 29, 43
Suppose -3*t - 14*r + 12*r = -4388, 0 = -4*t - 5*r + 5846. Suppose -47*w - t = -51*w. What are the prime factors of w?
2, 3, 61
Let z = 13574 + -3308. List the prime factors of z.
2, 3, 29, 59
Let l be (-36)/(-126) - 10*(-43)/14. Suppose -l*h + 36*h - 50 = 0. Let c(j) = 2*j**2 - 8*j + 21. What are the prime factors of c(h)?
3, 47
Let f be 42/(-35)*5/2*-16506. List the prime factors of (1 - (-4)/(-10)) + f/70.
2, 3, 59
Let g = -1030 + 1621. List the prime factors of g*5/((-105)/(-14)).
2, 197
Let k = -21 + 9537. What are the prime factors of k?
2, 3, 13, 61
Suppose 248*y - 253*y - q + 11 = 0, -q = y - 3. Let v be ((-390)/3)/(1*-1). Suppose y*x - 4*x + v = 0. What are the prime factors of x?
5, 13
Let u = 64131 - 42410. What are the prime factors of u?
7, 29, 107
Let o(j) = j**3 - 20*j**2 + 3*j - 15. Suppose 2*d = b - 4*b + 76, 3*b = d - 20. Let u be (-75)/20*(d/(-6))/1. List the prime factors of o(u).
3, 5
Let k(v) = 14*v**2 - 9*v - 12. Let h = -98 - -92. List the prime factors of k(h).
2, 3, 7, 13
Let i be (-1680)/(-147) + (-3)/7. List the prime factors of -313*7/(-2) - i/22.
3, 5, 73
Let x(z) = z**3 + 3*z**2 - 20*z + 10. List the prime factors of x(20).
2, 5, 881
Let q(o) be the second derivative of -31*o**5/10 + o**4/6 + 3*o**3/2 + o**2/2 + 68*o. What are the prime factors of q(-2)?
487
Let p = -188 - -413. Suppose -89*h = -84*h - p. What are the prime factors of 544/6 + (-30)/h?
2, 3, 5
Let b = -122 - 92. List the prime factors of ((-8)/((-80)/(-15)))/(1/b).
3, 107
Let s(v) = -185*v**3 - 3*v**2 + 27*v + 13. Let o(b) = -61*b**3 - b**2 + 9*b + 4. Let f(m) = -8*o(m) + 3*s(m). What are the prime factors of f(-2)?
521
Suppose 792*x - 3385228 = 748*x. List the prime factors of x.
7, 29, 379
Suppose -7*z = -3*z + 20, 0 = -4*p + 4*z + 44. Let u(i) = 2*i - 8. Let x be u(p). Suppose x*s - 192 = 3*t, 2*t - 4*t = -8. List the prime factors of s.
3, 17
Let z(k) = -571*k**2 - 1. Suppose -g = -4*j + 2*j + 3, 5*j - 2*g - 5 = 0. Let d be z(j). List the prime factors of (15/(-4))/(33/d).
5, 13
Let f(j) = 3*j**2 + j. Let u(g) = g**2 - 4*g - 7. Let w be (-1)/((0 - 4)/20). Let s be u(w). List the prime factors of f(s).
2, 5
Suppose -4*z + 69*d = 65*d + 852, -4*d - 1092 = 5*z. Let m = 281 + z. List the prime factors of m.
5, 13
Let k(r) = -5*r**2 + 13*r - 11. Let x(t) = t**2 + 2*t + 1. Let b(u) = -k(u) - 4*x(u). List the prime factors of b(21).
7
Suppose 0 = -13*o - 113*o + 9061164. List the prime factors of o.
2, 41, 877
Suppose -o = 15 - 515. Suppose 2*r - 2*h - o = 0, 5*r - 1250 = -0*r - 3*h. Let i = -168 + r. List the prime factors of i.
2, 41
Suppose -74*v + 81*v - 2051 = 0. Let x = v - 204. What are the prime factors of x?
89
Let o(k) = -2*k**2 + 5*k - 5. Let d be o(1). What are the prime factors of 124 + (-1 + 3 - d)?
2
Let k be -13 + 8 + 2 + -2. List the prime factors of 1233/(-7)*-6 + k/(-35).
7, 151
Let w(t) = 3*t**2 - 7*t + 496. List the prime factors of w(18).
2, 11, 61
Let m be -5 + (-35)/(-3)*3. List the prime factors of (-138)/m + 5 + 10779/15.
719
Let p = 6562 + -3422. List the prime facto